{"id":31,"date":"2026-04-08T18:01:24","date_gmt":"2026-04-08T16:01:24","guid":{"rendered":"https:\/\/test.lestylonoir.fr\/site_shr_pro2\/?page_id=31"},"modified":"2026-04-10T12:37:02","modified_gmt":"2026-04-10T10:37:02","slug":"contactez-moi","status":"publish","type":"page","link":"https:\/\/test.lestylonoir.fr\/site_shr_pro2\/contactez-moi\/","title":{"rendered":"Contactez-moi"},"content":{"rendered":"\n<p>Je vous r\u00e9ponds sous deux jours par message, ou par t\u00e9l\u00e9phone au 06 seize onze 4549.<\/p>\n\n\n\n<div style=\"height:16px\" aria-hidden=\"true\" class=\"wp-block-spacer\"><\/div>\n\n\n\n<div class=\"forminator-guttenberg\"><form id=\"forminator-module-30\" class=\"forminator-custom-form forminator-custom-form-30\" method=\"post\" data-forminator-render=\"0\" data-uid=\"69f76b8b45b6e\"><div role=\"alert\" aria-live=\"polite\" class=\"forminator-response-message forminator-error\" aria-hidden=\"true\"><\/div><\/form><\/div>\n","protected":false},"excerpt":{"rendered":"<p>Je vous r\u00e9ponds sous deux jours par message, ou par t\u00e9l\u00e9phone au 06 seize onze 4549.<\/p>\n","protected":false},"author":1,"featured_media":0,"parent":0,"menu_order":0,"comment_status":"closed","ping_status":"closed","template":"","meta":{"footnotes":""},"class_list":["post-31","page","type-page","status-publish","hentry"],"_links":{"self":[{"href":"https:\/\/test.lestylonoir.fr\/site_shr_pro2\/wp-json\/wp\/v2\/pages\/31","targetHints":{"allow":["GET"]}}],"collection":[{"href":"https:\/\/test.lestylonoir.fr\/site_shr_pro2\/wp-json\/wp\/v2\/pages"}],"about":[{"href":"https:\/\/test.lestylonoir.fr\/site_shr_pro2\/wp-json\/wp\/v2\/types\/page"}],"author":[{"embeddable":true,"href":"https:\/\/test.lestylonoir.fr\/site_shr_pro2\/wp-json\/wp\/v2\/users\/1"}],"replies":[{"embeddable":true,"href":"https:\/\/test.lestylonoir.fr\/site_shr_pro2\/wp-json\/wp\/v2\/comments?post=31"}],"version-history":[{"count":4,"href":"https:\/\/test.lestylonoir.fr\/site_shr_pro2\/wp-json\/wp\/v2\/pages\/31\/revisions"}],"predecessor-version":[{"id":71,"href":"https:\/\/test.lestylonoir.fr\/site_shr_pro2\/wp-json\/wp\/v2\/pages\/31\/revisions\/71"}],"wp:attachment":[{"href":"https:\/\/test.lestylonoir.fr\/site_shr_pro2\/wp-json\/wp\/v2\/media?parent=31"}],"curies":[{"name":"wp","href":"https:\/\/api.w.org\/{rel}","templated":true}]}}