{"id":96,"date":"2026-05-03T11:55:41","date_gmt":"2026-05-03T09:55:41","guid":{"rendered":"https:\/\/test.lestylonoir.fr\/site_shr_pro2\/?page_id=96"},"modified":"2026-05-03T12:59:40","modified_gmt":"2026-05-03T10:59:40","slug":"portfolio-web-maintenance","status":"publish","type":"page","link":"https:\/\/test.lestylonoir.fr\/site_shr_pro2\/portfolio-web-maintenance\/","title":{"rendered":"Maintenance Web"},"content":{"rendered":"\n<figure class=\"wp-block-image size-medium\"><img loading=\"lazy\" decoding=\"async\" width=\"300\" height=\"225\" src=\"https:\/\/test.lestylonoir.fr\/site_shr_pro2\/wp-content\/uploads\/2026\/04\/Screenshot_2020-12-29-Location-appartement-Aix-les-Bains-lac-du-bourget-edited-300x225.png\" alt=\"\" class=\"wp-image-80\" srcset=\"https:\/\/test.lestylonoir.fr\/site_shr_pro2\/wp-content\/uploads\/2026\/04\/Screenshot_2020-12-29-Location-appartement-Aix-les-Bains-lac-du-bourget-edited-300x225.png 300w, https:\/\/test.lestylonoir.fr\/site_shr_pro2\/wp-content\/uploads\/2026\/04\/Screenshot_2020-12-29-Location-appartement-Aix-les-Bains-lac-du-bourget-edited-1024x768.png 1024w, https:\/\/test.lestylonoir.fr\/site_shr_pro2\/wp-content\/uploads\/2026\/04\/Screenshot_2020-12-29-Location-appartement-Aix-les-Bains-lac-du-bourget-edited-768x576.png 768w, https:\/\/test.lestylonoir.fr\/site_shr_pro2\/wp-content\/uploads\/2026\/04\/Screenshot_2020-12-29-Location-appartement-Aix-les-Bains-lac-du-bourget-edited.png 1172w\" sizes=\"auto, (max-width: 300px) 100vw, 300px\" \/><\/figure>\n\n\n\n<h2 class=\"wp-block-heading\">R\u00e9paration d&rsquo;un calendrier de r\u00e9servation<\/h2>\n\n\n\n<p>Le site WordPress \u00e9tait \u00ab\u00a0cass\u00e9\u00a0\u00bb, rendant notamment impossible d&rsquo;afficher le calendrier des r\u00e9servations.<\/p>\n\n\n\n<figure class=\"wp-block-image size-full\"><img loading=\"lazy\" decoding=\"async\" width=\"757\" height=\"672\" src=\"https:\/\/test.lestylonoir.fr\/site_shr_pro2\/wp-content\/uploads\/2026\/05\/calendrier-wp.png\" alt=\"\" class=\"wp-image-97\" srcset=\"https:\/\/test.lestylonoir.fr\/site_shr_pro2\/wp-content\/uploads\/2026\/05\/calendrier-wp.png 757w, https:\/\/test.lestylonoir.fr\/site_shr_pro2\/wp-content\/uploads\/2026\/05\/calendrier-wp-300x266.png 300w\" sizes=\"auto, (max-width: 757px) 100vw, 757px\" \/><\/figure>\n\n\n\n<p>J&rsquo;ai donc fait le n\u00e9cessaire, puis remplac\u00e9 le plugin de calendrier d&rsquo;origine par un plugin compatible.<\/p>\n\n\n\n<h2 class=\"wp-block-heading\"><br>Reprise en main de l&rsquo;administration du site WordPress<\/h2>\n\n\n\n<p>Le client souhaitait pouvoir modifier les informations utiles. \u00c0 commencer par les coordonn\u00e9es de contact, puis l&rsquo;adresse du bien en location, etc.<\/p>\n","protected":false},"excerpt":{"rendered":"<p>R\u00e9paration d&rsquo;un calendrier de r\u00e9servation Le site WordPress \u00e9tait \u00ab\u00a0cass\u00e9\u00a0\u00bb, rendant notamment impossible d&rsquo;afficher le calendrier des r\u00e9servations. J&rsquo;ai donc fait le n\u00e9cessaire, puis remplac\u00e9 le plugin de calendrier d&rsquo;origine par un plugin compatible. Reprise en main de l&rsquo;administration du site WordPress Le client souhaitait pouvoir modifier les informations utiles. \u00c0 commencer par les coordonn\u00e9es [&hellip;]<\/p>\n","protected":false},"author":1,"featured_media":0,"parent":0,"menu_order":0,"comment_status":"closed","ping_status":"closed","template":"","meta":{"footnotes":""},"class_list":["post-96","page","type-page","status-publish","hentry"],"_links":{"self":[{"href":"https:\/\/test.lestylonoir.fr\/site_shr_pro2\/wp-json\/wp\/v2\/pages\/96","targetHints":{"allow":["GET"]}}],"collection":[{"href":"https:\/\/test.lestylonoir.fr\/site_shr_pro2\/wp-json\/wp\/v2\/pages"}],"about":[{"href":"https:\/\/test.lestylonoir.fr\/site_shr_pro2\/wp-json\/wp\/v2\/types\/page"}],"author":[{"embeddable":true,"href":"https:\/\/test.lestylonoir.fr\/site_shr_pro2\/wp-json\/wp\/v2\/users\/1"}],"replies":[{"embeddable":true,"href":"https:\/\/test.lestylonoir.fr\/site_shr_pro2\/wp-json\/wp\/v2\/comments?post=96"}],"version-history":[{"count":4,"href":"https:\/\/test.lestylonoir.fr\/site_shr_pro2\/wp-json\/wp\/v2\/pages\/96\/revisions"}],"predecessor-version":[{"id":129,"href":"https:\/\/test.lestylonoir.fr\/site_shr_pro2\/wp-json\/wp\/v2\/pages\/96\/revisions\/129"}],"wp:attachment":[{"href":"https:\/\/test.lestylonoir.fr\/site_shr_pro2\/wp-json\/wp\/v2\/media?parent=96"}],"curies":[{"name":"wp","href":"https:\/\/api.w.org\/{rel}","templated":true}]}}

<figure class="wp-block-image size-medium"><img loading="lazy" decoding="async" width="300" height="225" src="https://test.lestylonoir.fr/site_shr_pro2/wp-content/uploads/2026/04/Screenshot_2020-12-29-Location-appartement-Aix-les-Bains-lac-du-bourget-edited-300x225.png" alt="" class="wp-image-80" srcset="https://test.lestylonoir.fr/site_shr_pro2/wp-content/uploads/2026/04/Screenshot_2020-12-29-Location-appartement-Aix-les-Bains-lac-du-bourget-edited-300x225.png 300w, https://test.lestylonoir.fr/site_shr_pro2/wp-content/uploads/2026/04/Screenshot_2020-12-29-Location-appartement-Aix-les-Bains-lac-du-bourget-edited-1024x768.png 1024w, https://test.lestylonoir.fr/site_shr_pro2/wp-content/uploads/2026/04/Screenshot_2020-12-29-Location-appartement-Aix-les-Bains-lac-du-bourget-edited-768x576.png 768w, https://test.lestylonoir.fr/site_shr_pro2/wp-content/uploads/2026/04/Screenshot_2020-12-29-Location-appartement-Aix-les-Bains-lac-du-bourget-edited.png 1172w" sizes="auto, (max-width: 300px) 100vw, 300px" /></figure>



<h2 class="wp-block-heading">Réparation d&rsquo;un calendrier de réservation</h2>



<p>Le site WordPress était « cassé », rendant notamment impossible d&rsquo;afficher le calendrier des réservations.</p>



<figure class="wp-block-image size-full"><img loading="lazy" decoding="async" width="757" height="672" src="https://test.lestylonoir.fr/site_shr_pro2/wp-content/uploads/2026/05/calendrier-wp.png" alt="" class="wp-image-97" srcset="https://test.lestylonoir.fr/site_shr_pro2/wp-content/uploads/2026/05/calendrier-wp.png 757w, https://test.lestylonoir.fr/site_shr_pro2/wp-content/uploads/2026/05/calendrier-wp-300x266.png 300w" sizes="auto, (max-width: 757px) 100vw, 757px" /></figure>



<p>J&rsquo;ai donc fait le nécessaire, puis remplacé le plugin de calendrier d&rsquo;origine par un plugin compatible.</p>



<h2 class="wp-block-heading"><br>Reprise en main de l&rsquo;administration du site WordPress</h2>



<p>Le client souhaitait pouvoir modifier les informations utiles. À commencer par les coordonnées de contact, puis l&rsquo;adresse du bien en location, etc.</p>

<p>Réparation d&rsquo;un calendrier de réservation Le site WordPress était « cassé », rendant notamment impossible d&rsquo;afficher le calendrier des réservations. J&rsquo;ai donc fait le nécessaire, puis remplacé le plugin de calendrier d&rsquo;origine par un plugin compatible. Reprise en main de l&rsquo;administration du site WordPress Le client souhaitait pouvoir modifier les informations utiles. À commencer par les coordonnées [&hellip;]</p>
